s divided by a.
20
Let u(x) = -x**3 + 11*x**2 - 10*x. Let c be u(10). Let w = c - -7. Calculate the remainder when 13 is divided by w.
6
Let j = -4 - -1. What is the remainder when 1/(-2) - (-60)/8 is divided by j/(-3) + -1 + 4?
3
Suppose 7*w - 2*w - 115 = 0. Let c(k) = -k**2 - 18*k - 9. Calculate the remainder when c(-7) is divided by w.
22
Suppose 0*u - u = -25. Let m(c) = c**3 - 6*c**2 - c + 3. What is the remainder when m(7) is divided by (u - (-2 - -1)) + -3?
22
Let a = -111 + 147. Calculate the remainder when 69 is divided by a.
33
Let j = 4 + -1. What is the remainder when (1/(-3))/((-21)/378) is divided by j?
0
Let h(z) = z**2 - 3*z - 2. Suppose 2*o - 6 = 5*o. What is the remainder when 23 is divided by h(o)?
7
Let g(v) = v**3 + 4*v**2 - 5*v - 5. Calculate the remainder when (-5)/(-10) + (-777)/(-14) is divided by g(-4).
11
Suppose -2*b - 2*b - 2*r + 10 = 0, -4 = -4*b + 4*r. Suppose -3*s - 2 = 4*h - 49, b*s = -5*h + 43. What is the remainder when 33 is divided by s?
6
Let l = -1 - -16. Let y(r) = r**2 - 7 - r - r - r + r**2. Calculate the remainder when y(5) is divided by l.
13
Let a = 54 - 17. Let k(r) = r**3 - 6*r**2 - 8*r + 17. What is the remainder when a is divided by k(7)?
7
Let i(c) be the third derivative of -c**4/3 + c**3/6 + 4*c**2. What is the remainder when i(-1) is divided by 3?
0
Let c(b) = 5*b**2 + 1. Suppose -g - 1 = -5. What is the remainder when c(-1) is divided by g?
2
Let n(f) = f**2 - 3*f - 5. Let m be n(4). Let o be ((-2)/(-4) + m)*2. Calculate the remainder when o/3*51/(-1) is divided by 6.
5
Let g(q) = -q + 9. Let n be g(7). Calculate the remainder when 58 is divided by (-568)/(-28) + n/(-7).
18
Let r(g) = -g**3 + 7*g**2 + 10*g - 3. What is the remainder when 24 is divided by r(8)?
11
Let d = -3 + 7. Suppose 2*p - 6*p + 92 = 0. What is the remainder when p is divided by 42/5 + d/(-10)?
7
Let s be (-12)/2*(0 + 1). Let b be 28/(-6) - 4/s. Let r = b + 7. What is the remainder when 7 is divided by r?
1
Let g(u) = u**2 + 1. Calculate the remainder when 2 is divided by g(0).
0
Let h = 6 + 6. What is the remainder when 35 is divided by h?
11
Let h(v) = v**2 + 7*v + 14. Let m(k) = -k - 1. Let x(u) = h(u) + 6*m(u). Let q = 10 + -16. Calculate the remainder when x(q) is divided by 10.
8
Let a = 131 + -85. Calculate the remainder when a is divided by 18.
10
Let f be ((-1)/((-2)/4))/(-1). Suppose 4*w = 2*w - 28. Calculate the remainder when 24 is divided by f + 2 - 1 - w.
11
Let t(u) = u + 7. Let l be t(-3). Suppose m = 4*n + 4, -l*m + 5*n = m - 50. Calculate the remainder when 23 is divided by m.
11
Suppose -6*x - 10 = -x. Let t = 0 - x. What is the remainder when (6 - -3)/3 + 2 is divided by t?
1
Let u = -41 - -72. Let m(w) = -w**3 - 21*w**2 - 68*w + 16. Calculate the remainder when u is divided by m(-17).
15
Let u = 2 - 1. Let l be (6 - 6)*u/2. Suppose a + a - 34 = l. What is the remainder when 49 is divided by a?
15
Suppose 2 = 4*i - 6. Suppose i*k = -2*k + 20. What is the remainder when 17 is divided by k?
2
Let u be 0 + 4/2 + -3. Let z = -7 - u. Let s(g) = -g**2 - 5*g + 8. Calculate the remainder when 4 is divided by s(z).
0
Suppose -3*k + 28 = 7. What is the remainder when 15 is divided by k?
1
Let s = 6 + 2. Suppose t = -3*t + 92. Let q = 38 - t. Calculate the remainder when q is divided by s.
7
Let a = 83 + -68. What is the remainder when 57 is divided by a?
12
Let g be 1 + -1 + 4 + -3. Let o = 3 - g. What is the remainder when 9 is divided by (o/(-3)*-12)/2?
1
Let p(t) = -t. Let m be p(-1). Suppose m - 13 = -3*v. Suppose 30 = v*c + 2*b, 0 = 3*c - 0*b + 4*b - 35. Calculate the remainder when 18 is divided by c.
3
Let j be 0 + (1 - -1 - -45). Let n = j - 32. What is the remainder when 58 is divided by n?
13
Suppose -4*d + 2 = 6. Calculate the remainder when 82 is divided by 19 - d*(-6)/(-3).
19
Let j be -2*((-3)/6 - 1). Suppose -j*k + 10 = -k. Suppose -31 + 11 = -k*x. Calculate the remainder when 7 is divided by x.
3
Suppose 42 = -3*y + 5*y. Let n = 138 - 97. What is the remainder when n is divided by y?
20
Let g(n) = n - 3. Let c be g(7). Suppose 0 = 2*k + 4*a + 6, 35 = c*k - 3*a - 8. What is the remainder when k is divided by 3?
1
What is the remainder when (-10)/(-20)*(0 - -28) is divided by 8?
6
Suppose 0 = b - 12*b + 275. Calculate the remainder when b is divided by 16.
9
Let x(y) = -y**2 - y. Let v(b) = -7*b**2 - 17*b - 13. Let f(g) = v(g) - 6*x(g). Let s = -4 + -5. What is the remainder when f(s) is divided by 3?
2
Let f(k) = 15*k**2 - 2*k + 1. Let r be f(1). Suppose 4 + r = 3*m. What is the remainder when 15 is divided by m?
3
Let t(i) = -i**2 + 96. Let r be t(0). What is the remainder when 30 is divided by (r/9)/(8/12)?
14
Suppose 3*m - h - h = -174, 5*m = -3*h - 309. Let y = -30 - m. What is the remainder when y is divided by 11?
8
Let a = 5 - 0. Suppose -27 = -6*h + a*h. Calculate the remainder when h is divided by 15.
12
Let s(j) = 10*j + 6. Let f be s(-5). What is the remainder when (-497)/(-11) + 8/f is divided by 8?
5
Calculate the remainder when (-3)/(2 + 1) - (6 - 44) is divided by 8.
5
Suppose b + 2 = -p, -b - 5 + 2 = 2*p. What is the remainder when ((-16)/12)/(b/3) is divided by (-3)/((-6)/8) + -1?
1
Let v be 24/(-11) - (-8)/44. Let x = 31 + v. What is the remainder when 86 is divided by x?
28
Let y = 53 - 21. Let t be y/14 + 8/(-28). Suppose 0 = 4*a - t*b - 48, -17 = -a + b - 6. What is the remainder when 38 is divided by a?
12
Calculate the remainder when (3 - 2)*(-5 - 3)*-7 is divided by 29.
27
Suppose 3*f - 612 = 2*f. Suppose -4*k - 40 = -f. Calculate the remainder when k is divided by 36.
35
Suppose -4*v + 36 = 4*p, -4*p + v + 21 = -0*v. Let z = p + 1. Calculate the remainder when 25 is divided by z.
4
Let s(j) = -8 - 3*j**2 + j**2 - 2 + 3*j**2. What is the remainder when 29 is divided by s(5)?
14
Suppose 0 = 3*p - 46 - 5. Let h = -10 + p. Calculate the remainder when h is divided by 4.
3
Let g be 24*(-2 - -2 - 1). Let y be 2/(-6)*(-3 - 99). Let w = g + y. What is the remainder when w is divided by 6?
4
Suppose 5*r + 33 = 3*z + 1, -4*z + 56 = -4*r. What is the remainder when (-37)/(2/1 + -3) is divided by z?
18
Let s = -13 + 23. Let o(l) = l**2 + 11*l + 6. Let i be o(-10). What is the remainder when 3/(-6) - 118/i is divided by s?
9
Suppose -c + 5 - 2 = 0. Suppose 4*o + c*i - 37 = 0, 2*o + 5*i = -2*o + 27. What is the remainder when 24 is divided by o?
11
Let k(h) = -h**2 - 6*h + 5. Let s be k(-7). Calculate the remainder when -28*1*s/4 is divided by 10/(-3)*(-24)/10.
6
Suppose 5*w - 2*z = 18, z + 16 = 2*w - 2*z. Calculate the remainder when w is divided by 1.
0
Let v(d) = 14*d - 4. Let y(i) = 11*i + 1. Let w(t) = 10*t + 1. Let f(b) = -7*w(b) + 6*y(b). Let r be f(-1). Calculate the remainder when v(r) is divided by 13.
12
Let h(f) = -f + 17. What is the remainder when 17 is divided by h(15)?
1
Let x = 0 - 2. Calculate the remainder when x + -8*14/(-2) is divided by 14.
12
Let x be -3*34/(-3) - 2. What is the remainder when 7 is divided by (-10)/(-4)*x/20?
3
Let q(k) = k**3 + 4*k**2 - 6*k. Let i(h) = -h**2 - 17*h + 8. Calculate the remainder when i(-17) is divided by q(-5).
3
Suppose 5*s = 3*s + 34. Suppose -39 - s = -4*h. Calculate the remainder when h is divided by (8/3)/(3/9).
6
Suppose -j = -0*w - 2*w + 51, 5*w - j = 120. Let a(x) = x**2 - x - 7. Let z be a(0). Calculate the remainder when w is divided by 146/12 + z/42.
11
Suppose -2*n - 8 - 2 = 0. Let u be ((-2)/(-4))/(n/(-70)). Suppose 0 = u*r - 3*r - 52. Calculate the remainder when 38 is divided by r.
12
Suppose 3*c - 26 = 10. What is the remainder when 21 is divided by c?
9
Let q(c) = 15*c - 3. Let s(g) = -g + 6. Let a be s(5). Let j be ((-10)/4 + a)*-2. Calculate the remainder when q(j) is divided by 22.
20
Suppose s - 2*j = 5, 3*s + 3*j = -j + 65. Suppose 0 = 2*y - 0*y - 16. Calculate the remainder when s is divided by y.
7
Suppose -2*u - 20 = -4*u + 4*f, 3*u + 5*f - 8 = 0. Suppose u = -2*p + 38. Calculate the remainder when 47 is divided by p.
15
Let t(z) = z + 1. Calculate the remainder when 9 is divided by t(4).
4
Let b(n) be the first derivative of n**4/4 + n**3 - n**2 + 2*n + 3. Calculate the remainder when 14 is divided by b(-3).
6
Let m be 404/10 - (-6)/(-15). Suppose -5*g + 5 = 0, -2*g + m = 5*x + 13. What is the remain